{"type":"video","version":"1.0","provider_name":"Network.hu","provider_url":"http:\/\/network.hu\/","title":" Erdei Zsolt : befejezi?","author_name":"Nabucco","author_url":"http:\/\/network.hu\/Nabucco","html":"&lt;object width=&quot;424&quot; height=&quot;345&quot;&gt;&lt;param name=&quot;movie&quot; value=&quot;http:\/\/gyor.network.hu\/flash\/videoplayer\/video.swf?videoid=120800&amp;amp;pvol=40&amp;amp;plang=hu&amp;amp;host=http:\/\/gyor.network.hu&quot; \/&gt;&lt;param name=&quot;allowscriptaccess&quot; value=&quot;always&quot; \/&gt;&lt;param name=&quot;allowfullscreen&quot; value=&quot;true&quot; \/&gt;&lt;embed src=&quot;http:\/\/gyor.network.hu\/flash\/videoplayer\/video.swf?videoid=120800&amp;amp;pvol=40&amp;amp;plang=hu&amp;amp;host=http:\/\/gyor.network.hu&quot; width=&quot;424&quot; height=&quot;345&quot; allowscriptaccess=&quot;always&quot; allowfullscreen=&quot;true&quot; \/&gt;&lt;\/object&gt;","width":424,"height":345,"description":"A profik k\u00f6z\u00f6tt veretlen Erdei Zsolt, kor\u00e1bbi f\u00e9lneh\u00e9zs\u00faly\u00fa \u00e9s cirk\u00e1l\u00f3s\u00faly\u00fa bokszvil\u00e1gbajnok c\u00e1folta azokat a sajt\u00f3\u00e9rtes\u00fcl\u00e9seket, miszerint befejezn\u00e9 p\u00e1lyafut\u00e1s\u00e1t. A 35 \u00e9ves, olimpiai bronz\u00e9rmes \u00f6kl\u00f6z\u0151 kiz\u00e1r\u00f3lag olyan aj\u00e1nlat eset\u00e9n marad a ringben, amely m\u00e9lt\u00f3 egy olyan eredm\u00e9nyeket el\u00e9rt sportol\u00f3hoz, mint \u0151. Erdei szerint kilencven sz\u00e1zal\u00e9k az es\u00e9lye annak, hogy folytatja profi karrierj\u00e9t. \"Tov\u00e1bbra is az az \u00e1lmom, hogy komoly \u00f6k\u00f6lv\u00edv\u00f3k ellen l\u00e9phessek a szor\u00edt\u00f3ba, g\u00e9p\u00edr\u00f3n\u0151k ellen nem szeretn\u00e9k bokszolni\" - mondta...","thumbnail_url":"http:\/\/vds.network.hu\/clubvideo\/1\/2\/_\/120800_45529_2.jpg","thumbnail_width":80,"thumbnail_height":60,"video_id":"120800"}

A profik között veretlen Erdei Zsolt, korábbi félnehézsúlyú és cirkálósúlyú bokszvilágbajnok cáfolta azokat a sajtóértesüléseket, miszerint befejezné pályafutását. A 35 éves, olimpiai bronzérmes öklöző kizárólag olyan ajánlat esetén marad a ringben, amely méltó egy olyan eredményeket elért sportolóhoz, mint ő. Erdei szerint kilencven százalék az esélye annak, hogy folytatja profi karrierjét. "Továbbra is az az álmom, hogy komoly ökölvívók ellen léphessek a szorítóba, gépírónők ellen nem szeretnék bokszolni" - mondta...
