{"type":"video","version":"1.0","provider_name":"Network.hu","provider_url":"http:\/\/network.hu\/","title":"L\u00e9derer-Eltiltva!","author_name":"Nabucco","author_url":"http:\/\/network.hu\/Nabucco","html":"&lt;object width=&quot;424&quot; height=&quot;345&quot;&gt;&lt;param name=&quot;movie&quot; value=&quot;http:\/\/gyor.network.hu\/flash\/videoplayer\/video.swf?videoid=83536&amp;amp;pvol=40&amp;amp;plang=hu&amp;amp;host=http:\/\/gyor.network.hu&quot; \/&gt;&lt;param name=&quot;allowscriptaccess&quot; value=&quot;always&quot; \/&gt;&lt;param name=&quot;allowfullscreen&quot; value=&quot;true&quot; \/&gt;&lt;embed src=&quot;http:\/\/gyor.network.hu\/flash\/videoplayer\/video.swf?videoid=83536&amp;amp;pvol=40&amp;amp;plang=hu&amp;amp;host=http:\/\/gyor.network.hu&quot; width=&quot;424&quot; height=&quot;345&quot; allowscriptaccess=&quot;always&quot; allowfullscreen=&quot;true&quot; \/&gt;&lt;\/object&gt;","width":424,"height":345,"description":"A febru\u00e1r 2-i SAPA Feh\u00e9rv\u00e1r AV 19\u2013HK Acroni Jesenice j\u00e9gkorongm\u00e9rk\u0151z\u00e9sen t\u00f6rt\u00e9nt vereked\u00e9s k\u00f6zvet\u00edt\u00e9s\u00e9\u00e9rt h\u00e1rom h\u00f3napra eltiltotta az RTL Klub L\u00e9derer \u00c1kos sportriportert ","thumbnail_url":"http:\/\/vds.network.hu\/clubvideo\/8\/3\/_\/83536_787559_4.jpg","thumbnail_width":80,"thumbnail_height":60,"video_id":"83536"}

Léderer-Eltiltva!

A február 2-i SAPA Fehérvár AV 19–HK Acroni Jesenice jégkorongmérkőzésen történt verekedés közvetítéséért három hónapra eltiltotta az RTL Klub Léderer Ákos sportriportert
